{"id":447,"date":"2017-02-14T13:54:31","date_gmt":"2017-02-14T12:54:31","guid":{"rendered":"https:\/\/waxonwaxoff.no\/?page_id=447"},"modified":"2026-04-28T12:40:13","modified_gmt":"2026-04-28T10:40:13","slug":"bryn-vipper","status":"publish","type":"page","link":"https:\/\/waxonwaxoff.no\/index.php\/behandlinger\/bryn-vipper\/","title":{"rendered":"Vipper &#038; Bryn"},"content":{"rendered":"<p>[vc_row][vc_column][vc_column_text]<span style=\"color: #000000;\"><strong>Flere behandlinger:<\/strong> <a style=\"color: #000000;\" href=\"https:\/\/waxonwaxoff.no\/index.php\/behandlinger\/stripsvoks-2\/\">Voksing kvinner<\/a> \u00a0\u00a0 <a style=\"color: #000000;\" href=\"https:\/\/waxonwaxoff.no\/index.php\/behandlinger\/voksing-menn\/\">Voksing menn<\/a>\u00a0 \u00a0<a style=\"color: #000000;\" href=\"https:\/\/waxonwaxoff.no\/index.php\/behandlinger\/hudpleie-meny\/\">Hudpleie<\/a> \u00a0\u00a0\u00a0<a style=\"color: #000000;\" href=\"https:\/\/waxonwaxoff.no\/index.php\/behandlinger\/manikyr-pedikyr\/\">Fotpleie<\/a>\u00a0 \u00a0\u00a0<a style=\"color: #000000;\" href=\"https:\/\/waxonwaxoff.no\/index.php\/behandlinger\/massasje\/\">Massasje<\/a>\u00a0 \u00a0\u00a0<a style=\"color: #000000;\" href=\"https:\/\/waxonwaxoff.no\/index.php\/orehulling-piercing\/\">\u00d8rehulling<\/a><\/span>[\/vc_column_text][\/vc_column][\/vc_row][vc_row full_width=&raquo;stretch_row&raquo; css=&raquo;.vc_custom_1651604843891{background-position: 0 0 !important;background-repeat: no-repeat !important;}&raquo;][vc_column][vc_row_inner css=&raquo;.vc_custom_1647770505507{padding-top: 20px !important;background-color: #ffffff !important;}&raquo;][vc_column_inner width=&raquo;1\/2&#8243;][vc_column_text]\n<table id=\"tablepress-52\" class=\"tablepress tablepress-id-52\">\n<tbody class=\"row-hover\">\n<tr class=\"row-1 odd\">\n\t<td class=\"column-1\"><strong>Vippebehandlinger:<\/strong><br \/>\n- Farging av vipper<br \/>\n- Farg vipper + nakkemassasje<br \/>\n- Vippel\u00f8ft (Tradisjonell \/ koreansk)<br \/>\n- Vippel\u00f8ft m\/farge vipper<br \/>\n- Vippel\u00f8ft m\/ farge vipper&amp;bryn<br \/>\n<\/td><td class=\"column-2\"><br \/>\n<strong>390kr<br \/>\n690kr<br \/>\n840kr<br \/>\n990kr<br \/>\n1090kr<\/strong><\/td>\n<\/tr>\n<tr class=\"row-2 even\">\n\t<td class=\"column-1\"><strong>Brynbehandlinger:<\/strong> <br \/>\n- farging av bryn<br \/>\n- lett opprydning bryn<br \/>\n- lett opprydning + farge<br \/>\n- forming<br \/>\n- forming inkl farge<br \/>\n- Brynlaminering<br \/>\n- Brynlaminering m\/farge<\/td><td class=\"column-2\"><br \/>\n<strong>290kr<br \/>\n200kr<br \/>\n380kr<br \/>\n390kr<br \/>\n510kr<br \/>\n690kr<br \/>\n890kr<\/strong><\/td>\n<\/tr>\n<tr class=\"row-3 odd\">\n\t<td class=\"column-1\"><strong>PAKKER:<\/strong><br \/>\n<strong>Farging av vipper i tillegg til:<\/strong> <br \/>\n1. farge bryn.<br \/>\n2. lett opprydning bryn<br \/>\n3. farge bryn &amp; lett opprydning bryn<br \/>\n4. brynsforming.<br \/>\n5. farge bryn &amp; brynsforming<\/td><td class=\"column-2\"><br \/>\n<br \/>\n<strong>525kr<br \/>\n525kr<br \/>\n590kr<br \/>\n620kr<br \/>\n700kr<\/strong><\/td>\n<\/tr>\n<\/tbody>\n<\/table>\n<!-- #tablepress-52 from cache -->[\/vc_column_text][vc_column_text]<\/p>\n<h6>Priser pr. 01.06.2024<\/h6>\n<p>[\/vc_column_text][\/vc_column_inner][vc_column_inner width=&raquo;1\/2&#8243;][vc_column_text]<strong>Koreansk vippel\u00f8ft.<\/strong><\/p>\n<p>Vi tilbyr den ettertraktede koreanske teknikken innen vippel\u00f8ft! Forel\u00f8pig kun i avdeling Sentrum og Rosenkrantzgate, men flere og flere terapeuter vil n\u00e5 begynne \u00e5 tilby dette i v\u00e5re salonger. Prisen er den samme for begge teknikker.<\/p>\n<p>[\/vc_column_text][\/vc_column_inner][\/vc_row_inner][vc_empty_space][vc_cta h2=&raquo;Om vipper &amp; brynbehandlinger&raquo;]Etter en behandling av dine vipper og\/eller bryn er det viktig \u00e5 ikke utsette de for mye vann som \u00e5 bade, dusje ol. de f\u00f8rste 24 timene. La produktene sette seg i h\u00e5rene f\u00f8rst.<\/p>\n<p><strong>Vippel\u00f8ft<\/strong> er for deg som foretrekker en mer naturlig m\u00e5te \u00e5 f\u00e5 vippene dine til \u00e5 se lengre og tykkere ut samtidig som det gir et vakkert l\u00f8ft som er holdbart i flere uker. Vi anbefaler \u00e5 farge vippene samtidig, da slipper du behovet for mascara p\u00e5 ei stund. Det vanligste er at b\u00f8yen varer rundt 4 uker. Man kan ta en ny behandling allerede 6-8 uker etter sist behandling. Vi tilbyr b\u00e5de tradisjonell vippel\u00f8ft og den koreanske. Den koreanske vippel\u00f8ften er mest sk\u00e5nsom for vippene og passer alle, og spesielt for alle som har hatt d\u00e5rlig resultat p\u00e5 tradisjonell vippel\u00f8ft i form av t\u00f8rre, knekte, kr\u00f8llete vipper.<\/p>\n<p><strong>Forming av bryn<\/strong> er en behandling hvor vi vokser\/napper brynene i riktig fasong. Vi klipper lange brynsh\u00e5r om det er n\u00f8dvendig. Vi lytter til deg som kunde og hvordan du selv \u00f8nsker resultatet, om du \u00f8nsker det naturlig, men ryddig, eller om du \u00f8nsker definerte linjer osv.<\/p>\n<p><strong>Farging<\/strong> er noe som passer de aller fleste. Selv de med m\u00f8rke vipper fra f\u00f8r vil f\u00e5 enda dypere farge p\u00e5 dem om de farges. Mange som farger vippene sine sier de ikke f\u00f8ler behov for mascara, spesielt ikke n\u00e5r de har tatt vippel\u00f8ft i tillegg. \u00c5 farge bryn gj\u00f8r ogs\u00e5 brynene mer definert og de ser fyldigere ut siden ogs\u00e5 de sm\u00e5 dunh\u00e5rene i brynene ogs\u00e5 farges.<\/p>\n<p>&nbsp;<\/p>\n<p><strong>Reklamasjonstiden<\/strong> er innen 5 dager. V\u00e6r oppmerksom p\u00e5 allergi. Det er ikke vanlig med allergi, men enkelte mennesker er av typen som reagerer p\u00e5 mye forskjellig. Er du en av de vil vi anbefale deg \u00e5 ta en patchtest f\u00f8r behandlingen. Du har selv ansvaret \u00e5 finne ut om du har allergi da dette ikke er noe vi kan vite om f\u00f8r evt uhellet er ute. Du m\u00e5 gjerne komme innom en av v\u00e5re salonger noen dager f\u00f8r og ta en patch-test om du er usikker. Da legger vi litt permanentveske\/farge\/vippelim p\u00e5 armen din som du f\u00f8lger med de kommende 24-36 timene. Allergi eller andre reaksjoner utenfor v\u00e5r kontroll regnes ikke som reklamasjon. Vi refunderer ikke penger tilbake.<\/p>\n<p>Har du v\u00e6rt uheldig i form av d\u00e5rlig resultat, m\u00e5 du ta kontakt snarest mulig, og senest innen 5 dager etter behandlingen for \u00e5 legge en plan for ny behandling for \u00e5 rette opp i resultatet.[\/vc_cta][vc_empty_space][vc_row_inner css=&raquo;.vc_custom_1602794553101{background-color: rgba(191,40,40,0.85) !important;*background-color: rgb(191,40,40) !important;}&raquo;][vc_column_inner width=&raquo;1\/4&#8243;][vc_empty_space][vc_single_image image=&raquo;7100&#8243; img_size=&raquo;medium&raquo; alignment=&raquo;center&raquo; onclick=&raquo;link_image&raquo;][\/vc_column_inner][vc_column_inner width=&raquo;3\/4&#8243;][vc_empty_space][vc_column_text]<\/p>\n<h4><span style=\"color: #ffffff;\">Fred Hamelten<\/span><\/h4>\n<p>[\/vc_column_text][vc_column_text]<\/p>\n<p class=\"tablepress-table-name tablepress-table-name-id-16\" style=\"text-align: left;\"><span style=\"color: #ffffff;\">Vi bruker fargene til den popul\u00e6re kjendisbrynsstylisten <strong>Fred Hamelten<\/strong>.\u00a0 Fargeresultatet har en ekstra lang holdbarhetstid sammenlignet med vanlige farger p\u00e5 markedet. Fargen er rik p\u00e5 pigmenter og gir et naturlig fargeresultat. Mild mot huden. Fargene dekker gr\u00e5 h\u00e5r meget godt.\u00a0<\/span><\/p>\n<p>[\/vc_column_text][vc_empty_space][\/vc_column_inner][\/vc_row_inner][\/vc_column][\/vc_row][vc_row full_width=&raquo;stretch_row_content&raquo;][vc_column][\/vc_column][\/vc_row]<\/p>\n","protected":false},"excerpt":{"rendered":"<p>[vc_row][vc_column][vc_column_text]Flere behandlinger: Voksing kvinner \u00a0\u00a0 Voksing menn\u00a0 \u00a0Hudpleie \u00a0\u00a0\u00a0Fotpleie\u00a0 \u00a0\u00a0Massasje\u00a0 \u00a0\u00a0\u00d8rehulling[\/vc_column_text][\/vc_column][\/vc_row][vc_row full_width=&raquo;stretch_row&raquo; css=&raquo;.vc_custom_1651604843891{background-position: 0 0 !important;background-repeat: no-repeat !important;}&raquo;][vc_column][vc_row_inner css=&raquo;.vc_custom_1647770505507{padding-top: 20px [&hellip;]<\/p>\n","protected":false},"author":1,"featured_media":0,"parent":12,"menu_order":0,"comment_status":"closed","ping_status":"closed","template":"","meta":{"_monsterinsights_skip_tracking":false,"_monsterinsights_sitenote_active":false,"_monsterinsights_sitenote_note":"","_monsterinsights_sitenote_category":0,"footnotes":""},"class_list":["post-447","page","type-page","status-publish","hentry"],"yoast_head":"<!-- This site is optimized with the Yoast SEO plugin v17.7.1 - https:\/\/yoast.com\/wordpress\/plugins\/seo\/ -->\n<title>Vipper &amp; Bryn -<\/title>\n<meta name=\"robots\" content=\"index, follow, max-snippet:-1, max-image-preview:large, max-video-preview:-1\" \/>\n<link rel=\"canonical\" href=\"https:\/\/waxonwaxoff.no\/index.php\/behandlinger\/bryn-vipper\/\" \/>\n<meta property=\"og:locale\" content=\"nb_NO\" \/>\n<meta property=\"og:type\" content=\"article\" \/>\n<meta property=\"og:title\" content=\"Vipper &amp; Bryn -\" \/>\n<meta property=\"og:description\" content=\"[vc_row][vc_column][vc_column_text]Flere behandlinger: Voksing kvinner \u00a0\u00a0 Voksing menn\u00a0 \u00a0Hudpleie \u00a0\u00a0\u00a0Fotpleie\u00a0 \u00a0\u00a0Massasje\u00a0 \u00a0\u00a0\u00d8rehulling[\/vc_column_text][\/vc_column][\/vc_row][vc_row full_width=&raquo;stretch_row&raquo; css=&raquo;.vc_custom_1651604843891{background-position: 0 0 !important;background-repeat: no-repeat !important;}&raquo;][vc_column][vc_row_inner css=&raquo;.vc_custom_1647770505507{padding-top: 20px [&hellip;]\" \/>\n<meta property=\"og:url\" content=\"https:\/\/waxonwaxoff.no\/index.php\/behandlinger\/bryn-vipper\/\" \/>\n<meta property=\"article:modified_time\" content=\"2026-04-28T10:40:13+00:00\" \/>\n<meta name=\"twitter:card\" content=\"summary\" \/>\n<meta name=\"twitter:label1\" content=\"Ansl. lesetid\" \/>\n\t<meta name=\"twitter:data1\" content=\"3 minutter\" \/>\n<script type=\"application\/ld+json\" class=\"yoast-schema-graph\">{\"@context\":\"https:\/\/schema.org\",\"@graph\":[{\"@type\":\"WebSite\",\"@id\":\"https:\/\/waxonwaxoff.no\/#website\",\"url\":\"https:\/\/waxonwaxoff.no\/\",\"name\":\"\",\"description\":\"\",\"potentialAction\":[{\"@type\":\"SearchAction\",\"target\":{\"@type\":\"EntryPoint\",\"urlTemplate\":\"https:\/\/waxonwaxoff.no\/?s={search_term_string}\"},\"query-input\":\"required name=search_term_string\"}],\"inLanguage\":\"nb-NO\"},{\"@type\":\"WebPage\",\"@id\":\"https:\/\/waxonwaxoff.no\/index.php\/behandlinger\/bryn-vipper\/#webpage\",\"url\":\"https:\/\/waxonwaxoff.no\/index.php\/behandlinger\/bryn-vipper\/\",\"name\":\"Vipper & Bryn -\",\"isPartOf\":{\"@id\":\"https:\/\/waxonwaxoff.no\/#website\"},\"datePublished\":\"2017-02-14T12:54:31+00:00\",\"dateModified\":\"2026-04-28T10:40:13+00:00\",\"breadcrumb\":{\"@id\":\"https:\/\/waxonwaxoff.no\/index.php\/behandlinger\/bryn-vipper\/#breadcrumb\"},\"inLanguage\":\"nb-NO\",\"potentialAction\":[{\"@type\":\"ReadAction\",\"target\":[\"https:\/\/waxonwaxoff.no\/index.php\/behandlinger\/bryn-vipper\/\"]}]},{\"@type\":\"BreadcrumbList\",\"@id\":\"https:\/\/waxonwaxoff.no\/index.php\/behandlinger\/bryn-vipper\/#breadcrumb\",\"itemListElement\":[{\"@type\":\"ListItem\",\"position\":1,\"name\":\"Hjem\",\"item\":\"https:\/\/waxonwaxoff.no\/\"},{\"@type\":\"ListItem\",\"position\":2,\"name\":\"Priser\",\"item\":\"https:\/\/waxonwaxoff.no\/index.php\/behandlinger\/\"},{\"@type\":\"ListItem\",\"position\":3,\"name\":\"Vipper &#038; Bryn\"}]}]}<\/script>\n<!-- \/ Yoast SEO plugin. -->","yoast_head_json":{"title":"Vipper & Bryn -","robots":{"index":"index","follow":"follow","max-snippet":"max-snippet:-1","max-image-preview":"max-image-preview:large","max-video-preview":"max-video-preview:-1"},"canonical":"https:\/\/waxonwaxoff.no\/index.php\/behandlinger\/bryn-vipper\/","og_locale":"nb_NO","og_type":"article","og_title":"Vipper & Bryn -","og_description":"[vc_row][vc_column][vc_column_text]Flere behandlinger: Voksing kvinner \u00a0\u00a0 Voksing menn\u00a0 \u00a0Hudpleie \u00a0\u00a0\u00a0Fotpleie\u00a0 \u00a0\u00a0Massasje\u00a0 \u00a0\u00a0\u00d8rehulling[\/vc_column_text][\/vc_column][\/vc_row][vc_row full_width=&raquo;stretch_row&raquo; css=&raquo;.vc_custom_1651604843891{background-position: 0 0 !important;background-repeat: no-repeat !important;}&raquo;][vc_column][vc_row_inner css=&raquo;.vc_custom_1647770505507{padding-top: 20px [&hellip;]","og_url":"https:\/\/waxonwaxoff.no\/index.php\/behandlinger\/bryn-vipper\/","article_modified_time":"2026-04-28T10:40:13+00:00","twitter_card":"summary","twitter_misc":{"Ansl. lesetid":"3 minutter"},"schema":{"@context":"https:\/\/schema.org","@graph":[{"@type":"WebSite","@id":"https:\/\/waxonwaxoff.no\/#website","url":"https:\/\/waxonwaxoff.no\/","name":"","description":"","potentialAction":[{"@type":"SearchAction","target":{"@type":"EntryPoint","urlTemplate":"https:\/\/waxonwaxoff.no\/?s={search_term_string}"},"query-input":"required name=search_term_string"}],"inLanguage":"nb-NO"},{"@type":"WebPage","@id":"https:\/\/waxonwaxoff.no\/index.php\/behandlinger\/bryn-vipper\/#webpage","url":"https:\/\/waxonwaxoff.no\/index.php\/behandlinger\/bryn-vipper\/","name":"Vipper & Bryn -","isPartOf":{"@id":"https:\/\/waxonwaxoff.no\/#website"},"datePublished":"2017-02-14T12:54:31+00:00","dateModified":"2026-04-28T10:40:13+00:00","breadcrumb":{"@id":"https:\/\/waxonwaxoff.no\/index.php\/behandlinger\/bryn-vipper\/#breadcrumb"},"inLanguage":"nb-NO","potentialAction":[{"@type":"ReadAction","target":["https:\/\/waxonwaxoff.no\/index.php\/behandlinger\/bryn-vipper\/"]}]},{"@type":"BreadcrumbList","@id":"https:\/\/waxonwaxoff.no\/index.php\/behandlinger\/bryn-vipper\/#breadcrumb","itemListElement":[{"@type":"ListItem","position":1,"name":"Hjem","item":"https:\/\/waxonwaxoff.no\/"},{"@type":"ListItem","position":2,"name":"Priser","item":"https:\/\/waxonwaxoff.no\/index.php\/behandlinger\/"},{"@type":"ListItem","position":3,"name":"Vipper &#038; Bryn"}]}]}},"_links":{"self":[{"href":"https:\/\/waxonwaxoff.no\/index.php\/wp-json\/wp\/v2\/pages\/447","targetHints":{"allow":["GET"]}}],"collection":[{"href":"https:\/\/waxonwaxoff.no\/index.php\/wp-json\/wp\/v2\/pages"}],"about":[{"href":"https:\/\/waxonwaxoff.no\/index.php\/wp-json\/wp\/v2\/types\/page"}],"author":[{"embeddable":true,"href":"https:\/\/waxonwaxoff.no\/index.php\/wp-json\/wp\/v2\/users\/1"}],"replies":[{"embeddable":true,"href":"https:\/\/waxonwaxoff.no\/index.php\/wp-json\/wp\/v2\/comments?post=447"}],"version-history":[{"count":114,"href":"https:\/\/waxonwaxoff.no\/index.php\/wp-json\/wp\/v2\/pages\/447\/revisions"}],"predecessor-version":[{"id":2716,"href":"https:\/\/waxonwaxoff.no\/index.php\/wp-json\/wp\/v2\/pages\/447\/revisions\/2716"}],"up":[{"embeddable":true,"href":"https:\/\/waxonwaxoff.no\/index.php\/wp-json\/wp\/v2\/pages\/12"}],"wp:attachment":[{"href":"https:\/\/waxonwaxoff.no\/index.php\/wp-json\/wp\/v2\/media?parent=447"}],"curies":[{"name":"wp","href":"https:\/\/api.w.org\/{rel}","templated":true}]}}