{"id":1597,"date":"2017-10-18T10:17:45","date_gmt":"2017-10-18T08:17:45","guid":{"rendered":"https:\/\/waxonwaxoff.no\/?page_id=1597"},"modified":"2026-05-06T15:52:38","modified_gmt":"2026-05-06T13:52:38","slug":"stripsvoks-2","status":"publish","type":"page","link":"https:\/\/waxonwaxoff.no\/index.php\/behandlinger\/stripsvoks-2\/","title":{"rendered":"Voks kvinner"},"content":{"rendered":"<p>[vc_row full_width=&raquo;stretch_row&raquo;][vc_column width=&raquo;5\/6&#8243;][vc_column_text]<span style=\"color: #000000;\"><strong>Flere behandlinger:<\/strong> <a style=\"color: #000000;\" href=\"https:\/\/waxonwaxoff.no\/index.php\/behandlinger\/voksing-menn\/\"> Voksing menn<\/a><\/span>\u00a0 \u00a0 <span style=\"color: #000000;\"><a style=\"color: #000000;\" href=\"https:\/\/waxonwaxoff.no\/index.php\/behandlinger\/bryn-vipper\/\">Vipper&amp;bryn<\/a><\/span>\u00a0 \u00a0 <span style=\"color: #000000;\"><a style=\"color: #000000;\" href=\"https:\/\/waxonwaxoff.no\/index.php\/behandlinger\/hudpleie-meny\/\">Hudpleie<\/a><\/span>\u00a0 \u00a0 <span style=\"color: #000000;\"><a style=\"color: #000000;\" href=\"https:\/\/waxonwaxoff.no\/index.php\/behandlinger\/manikyr-pedikyr\/\">Fotpleie<\/a>\u00a0 \u00a0 <a style=\"color: #000000;\" href=\"https:\/\/waxonwaxoff.no\/index.php\/behandlinger\/massasje\/\">Massasje<\/a>\u00a0 \u00a0 <a style=\"color: #000000;\" href=\"https:\/\/waxonwaxoff.no\/index.php\/orehulling-piercing\/\">\u00d8rehulling<\/a><\/span>[\/vc_column_text][vc_message message_box_color=&raquo;vista_blue&raquo;]<span style=\"color: #000000;\">NB: Har du barbert b\u00f8r du vente ca. 10-14 dager f\u00f8r du vokser deg. Spesielt grove\/tykke h\u00e5r m\u00e5 det v\u00e6re litt lengde p\u00e5 for at vi skal kunne f\u00e5 tak i de under voksbehandlingen.<\/span>[\/vc_message][\/vc_column][vc_column width=&raquo;1\/6&#8243;][vc_btn title=&raquo;Online Booking&raquo; style=&raquo;gradient-custom&raquo; gradient_custom_color_2=&raquo;#dd3333&#8243; shape=&raquo;square&raquo; align=&raquo;right&raquo; link=&raquo;url:https%3A%2F%2Fwww.eadministration.dk%2Fkunde%2Fbook.asp%3Fo%3D1%26klient%3D886|title:Online%20Booking|target:_blank&raquo;][\/vc_column][\/vc_row][vc_row css=&raquo;.vc_custom_1651613267322{background-position: center !important;background-repeat: no-repeat !important;background-size: cover !important;}&raquo;][vc_column][vc_row_inner css=&raquo;.vc_custom_1487078670113{padding-top: 20px !important;background-color: #ffffff !important;}&raquo;][vc_column_inner width=&raquo;1\/2&#8243;][vc_empty_space height=&raquo;24px&raquo;][vc_toggle title=&raquo;&raquo; style=&raquo;text_only&raquo; color=&raquo;juicy_pink&raquo; open=&raquo;true&raquo;]\n<table id=\"tablepress-1\" class=\"tablepress tablepress-id-1\" aria-describedby=\"tablepress-1-description\">\n<thead>\n<tr class=\"row-1 odd\">\n\t<th class=\"column-1\"><strong>Brasiliansk, bikinivoks og vokspakker:<\/strong><\/th><th class=\"column-2\">Pris:<\/th>\n<\/tr>\n<\/thead>\n<tbody class=\"row-hover\">\n<tr class=\"row-2 even\">\n\t<td class=\"column-1\"><strong>Brasiliansk Stripsvoks (Express)<\/strong><br \/>\nFull intimvoksbehandling med stripsvoks. Denne varianten av brasiliansk er en \"express\"-behandling, den g\u00e5r raskere enn de andre variantene.<br \/>\n<br \/>\n+ legger 660,-<br \/>\n+ l\u00e5r 725,-<br \/>\n+ hele ben 910,-<\/td><td class=\"column-2\"><strong>499,-<\/strong><\/td>\n<\/tr>\n<tr class=\"row-3 odd\">\n\t<td class=\"column-1\"><strong>Brasiliansk Kombo<\/strong><br \/>\nFull intimvoksbehandling med en kombinasjon av stripsvoks (p\u00e5 forsiden og sidene) og Hotwax (p\u00e5 kj\u00f8nnsleppene) <br \/>\n<br \/>\n+ legger 699,-<br \/>\n+ l\u00e5r 780,-<br \/>\n+ hele ben 960,-<\/td><td class=\"column-2\"><strong>580,-<\/strong><\/td>\n<\/tr>\n<tr class=\"row-4 even\">\n\t<td class=\"column-1\"><strong>Brasiliansk Sensitiv (Hotwax)<\/strong><br \/>\nFull intimvoksbehandling med Hotwax. En anbefalt behandling for sensitiv hud, om du har problemer med inngrodde h\u00e5r, eller er gravid. MEST POPUL\u00c6R!<br \/>\n<br \/>\n+ legger 800,-<br \/>\n+ l\u00e5r 870,-<br \/>\n+ hele ben 1050,-<\/td><td class=\"column-2\"><strong>660,-<\/strong><\/td>\n<\/tr>\n<tr class=\"row-5 odd\">\n\t<td class=\"column-1\"><strong>Brasiliansk Sensitiv (NY kunde)<\/strong><br \/>\nFull intimvoksbehandling med Hotwax.<br \/>\n<br \/>\n(Bestill Pakkel\u00f8sning om du \u00f8nsker legge til legger og\/eller l\u00e5r)<\/td><td class=\"column-2\"><strong>550,-<\/strong><\/td>\n<\/tr>\n<tr class=\"row-6 even\">\n\t<td class=\"column-1\"><strong>Brasiliansk Sugaring<\/strong><br \/>\nFull intimvoks med Sugarpaste. En super behandling for den mest sensitive hudtypen! Dette er en spesiell teknikk hvor man holder vokspastaen i h\u00e5nda, ikke med spatel som de andre typene. Sugaring tilbys ikke av alle terapeuter og det utf\u00f8res kun p\u00e5 sm\u00e5 omr\u00e5der som ansikt, bikini\/intimomr\u00e5det og armhuler.<br \/>\n <a href=\"https:\/\/waxonwaxoff.no\/index.php\/behandlinger\/sugaring\/\" rel=\"noopener\" target=\"_blank\">(?)<\/a><\/td><td class=\"column-2\"><strong>680,-<\/strong><\/td>\n<\/tr>\n<tr class=\"row-7 odd\">\n\t<td class=\"column-1\"><strong>Bikinilinje Stripsvoks<\/strong><br \/>\n<br \/>\nEn voksbehandling hvor du f\u00e5r fjernet alt h\u00e5r i bikinilinjen med stripsvoks.<br \/>\n<br \/>\n+ legger 450,-<br \/>\n+ l\u00e5r 510,-<br \/>\n+ hele ben 695,-<\/td><td class=\"column-2\"><strong>270,-<\/strong><\/td>\n<\/tr>\n<tr class=\"row-8 even\">\n\t<td class=\"column-1\"><strong>Bikinilinje Sensitiv<\/strong><br \/>\n<br \/>\nEn voksbehandling hvor du f\u00e5r fjernet alt h\u00e5r i bikinilinjen med hotvoks. Super behandling om du har sensitiv hud og\/eller problemer med inngrodde h\u00e5r.<br \/>\n<br \/>\n+ legger 499,-<br \/>\n+ l\u00e5r 590,-<br \/>\n+ hele ben 770,-<\/td><td class=\"column-2\"><strong>320,-<\/strong><\/td>\n<\/tr>\n<tr class=\"row-9 odd\">\n\t<td class=\"column-1\"><strong>Bikinilinje Sugaring<\/strong><br \/>\n<br \/>\nEn voksbehandling hvor du f\u00e5r fjernet alt h\u00e5r i bikinilinjen med sukkervoks. Super behandling om du har sensitiv hud og\/eller problemer med inngrodde h\u00e5r.<\/td><td class=\"column-2\"><strong>370,-<\/strong><\/td>\n<\/tr>\n<tr class=\"row-10 even\">\n\t<td class=\"column-1\"><strong>Bikini <em>Pluss<\/em> Stripsvoks<\/strong><br \/>\n<br \/>\nEn utvidet bikinivoks hvor du f\u00e5r fjernet h\u00e5r godt innafor trusekanten hele veien. En mellomting av Brasiliansk og bikinivoks. Alt vokses med stripsvoks.<br \/>\n<br \/>\n+ legger 570,-<br \/>\n+ l\u00e5r 620,-<br \/>\n+ hele ben 820,-<\/td><td class=\"column-2\"><strong>399,-<\/strong><\/td>\n<\/tr>\n<tr class=\"row-11 odd\">\n\t<td class=\"column-1\"><strong>Bikini <em>Pluss<\/em> Sensitiv<\/strong><br \/>\n<br \/>\nEn utvidet bikinivoks hvor du f\u00e5r fjernet h\u00e5r godt innafor trusekanten hele veien. En mellomting av brasiliansk og bikinivoks. Alt vokses med Hotwax. Super behandling om du har sensitiv hud og\/eller problemer med inngrodde h\u00e5r.<br \/>\n<br \/>\n+ legger 620,-<br \/>\n+ l\u00e5r 685,-<br \/>\n+ hele ben 865,-<\/td><td class=\"column-2\"><strong>490,-<\/strong><\/td>\n<\/tr>\n<tr class=\"row-12 even\">\n\t<td class=\"column-1\"><strong>Bikini <em>Pluss<\/em> Sugaring<\/strong><br \/>\n<br \/>\nEn utvidet bikinivoks hvor du f\u00e5r fjernet h\u00e5r godt innafor trusekanten hele veien. En mellomting av Brasiliansk og bikinivoks. Alt vokses med Sukkerpasta. Super behandling om du har sensitiv hud og\/eller problemer med inngrodde h\u00e5r.<\/td><td class=\"column-2\"><strong>510,-<\/strong><\/td>\n<\/tr>\n<\/tbody>\n<\/table>\n<span id=\"tablepress-1-description\" class=\"tablepress-table-description tablepress-table-description-id-1\"><\/span>\n<!-- #tablepress-1 from cache -->[\/vc_toggle][vc_column_text]<\/p>\n<h6>Prisene har v\u00e6rt gjeldende siden siste prisjustering den 01.06.2024<\/h6>\n<p>[\/vc_column_text][\/vc_column_inner][vc_column_inner width=&raquo;1\/2&#8243;][vc_toggle title=&raquo;&raquo; style=&raquo;text_only&raquo; color=&raquo;juicy_pink&raquo; open=&raquo;true&raquo;]<span id=\"tablepress-2-description\" class=\"tablepress-table-description tablepress-table-description-id-2\"><\/span>\n\n<table id=\"tablepress-2\" class=\"tablepress tablepress-id-2\" aria-describedby=\"tablepress-2-description\">\n<thead>\n<tr class=\"row-1 odd\">\n\t<th class=\"column-1\">Kroppsvoksing:<\/th><th class=\"column-2\">Pris:<\/th>\n<\/tr>\n<\/thead>\n<tbody class=\"row-hover\">\n<tr class=\"row-2 even\">\n\t<td class=\"column-1\"><strong>Legger <\/strong><br \/>\nHer fjernes h\u00e5r fra t\u00e6r, over vrist, leggene og opp til rett over knesk\u00e5len.<\/td><td class=\"column-2\"><strong>290,-<\/strong><\/td>\n<\/tr>\n<tr class=\"row-3 odd\">\n\t<td class=\"column-1\"><strong>L\u00e5r<\/strong><br \/>\nHer fjernes h\u00e5r fra nedenfor bikinilinjen, hele l\u00e5rene og til rett over knesk\u00e5len.<\/td><td class=\"column-2\"><strong> 390,-<\/strong><\/td>\n<\/tr>\n<tr class=\"row-4 even\">\n\t<td class=\"column-1\"><strong>Hele ben<\/strong> (legger+l\u00e5r)<br \/>\nHer fjernes h\u00e5r fra t\u00e6rne, over hele legger og l\u00e5r, og opp til bikinilinjen (bikinilinjen vokses ikke)<\/td><td class=\"column-2\"><strong>630,-<\/strong><\/td>\n<\/tr>\n<tr class=\"row-5 odd\">\n\t<td class=\"column-1\"><strong>Armer halv <\/strong><br \/>\nHer fjernes h\u00e5r fra fingrene og opp til albuen.<\/td><td class=\"column-2\"><strong>285,-<\/strong><\/td>\n<\/tr>\n<tr class=\"row-6 even\">\n\t<td class=\"column-1\"><strong>Armer hel<\/strong><br \/>\nHer fjernes h\u00e5r fra fingrene og opp til skuldrene.<\/td><td class=\"column-2\"><strong>470,-<\/strong><\/td>\n<\/tr>\n<tr class=\"row-7 odd\">\n\t<td class=\"column-1\"><strong>Hele armer inkl armhuler.<\/strong><br \/>\nHer fjernes h\u00e5r fra fingrene og opp til skuldrene inkl armhulene.<\/td><td class=\"column-2\"><strong>570,-<\/strong><\/td>\n<\/tr>\n<tr class=\"row-8 even\">\n\t<td class=\"column-1\">Armhuler<\/td><td class=\"column-2\">199,-<\/td>\n<\/tr>\n<tr class=\"row-9 odd\">\n\t<td class=\"column-1\">Armhuler med Sugaring Wax<\/td><td class=\"column-2\">250,-<\/td>\n<\/tr>\n<tr class=\"row-10 even\">\n\t<td class=\"column-1\">Hender + fingre<\/td><td class=\"column-2\">190,-<\/td>\n<\/tr>\n<tr class=\"row-11 odd\">\n\t<td class=\"column-1\">Mage <\/td><td class=\"column-2\">300,-<\/td>\n<\/tr>\n<tr class=\"row-12 even\">\n\t<td class=\"column-1\">Hel rygg <\/td><td class=\"column-2\">399,-<\/td>\n<\/tr>\n<tr class=\"row-13 odd\">\n\t<td class=\"column-1\">Halv rygg (\u00f8vre eller nedre del)<\/td><td class=\"column-2\">210,-<\/td>\n<\/tr>\n<tr class=\"row-14 even\">\n\t<td class=\"column-1\">Bryst<\/td><td class=\"column-2\">300,-<\/td>\n<\/tr>\n<tr class=\"row-15 odd\">\n\t<td class=\"column-1\">Rygg + mage + bryst<\/td><td class=\"column-2\">735,-<\/td>\n<\/tr>\n<tr class=\"row-16 even\">\n\t<td class=\"column-1\">Voks rumpeballer<\/td><td class=\"column-2\">230,-<\/td>\n<\/tr>\n<tr class=\"row-17 odd\">\n\t<td class=\"column-1\">Voks bak i rumpen<\/td><td class=\"column-2\">200,-<\/td>\n<\/tr>\n<\/tbody>\n<tfoot>\n<tr class=\"row-18 even\">\n\t<th class=\"column-1\"><\/th><th class=\"column-2\"><\/th>\n<\/tr>\n<\/tfoot>\n<\/table>\n<!-- #tablepress-2 from cache -->[\/vc_toggle][vc_toggle title=&raquo;&raquo; style=&raquo;text_only&raquo; color=&raquo;juicy_pink&raquo; open=&raquo;true&raquo;]<span id=\"tablepress-4-description\" class=\"tablepress-table-description tablepress-table-description-id-4\"><\/span>\n\n<table id=\"tablepress-4\" class=\"tablepress tablepress-id-4\" aria-describedby=\"tablepress-4-description\">\n<thead>\n<tr class=\"row-1 odd\">\n\t<th class=\"column-1\">Ansiktsvoksing:<\/th><th class=\"column-2\">Pris:<\/th>\n<\/tr>\n<\/thead>\n<tbody class=\"row-hover\">\n<tr class=\"row-2 even\">\n\t<td class=\"column-1\">Ansikt uten bryn<\/td><td class=\"column-2\">430,-<\/td>\n<\/tr>\n<tr class=\"row-3 odd\">\n\t<td class=\"column-1\">Ansikt med bryn<\/td><td class=\"column-2\">530,-<\/td>\n<\/tr>\n<tr class=\"row-4 even\">\n\t<td class=\"column-1\">Bryn<\/td><td class=\"column-2\">fra 200,-<\/td>\n<\/tr>\n<tr class=\"row-5 odd\">\n\t<td class=\"column-1\">Bryn (forming) med Sugaring Wax<\/td><td class=\"column-2\">390,-<\/td>\n<\/tr>\n<tr class=\"row-6 even\">\n\t<td class=\"column-1\">Nesebor<\/td><td class=\"column-2\">250,-<\/td>\n<\/tr>\n<tr class=\"row-7 odd\">\n\t<td class=\"column-1\">Overleppe<\/td><td class=\"column-2\">190,-<\/td>\n<\/tr>\n<tr class=\"row-8 even\">\n\t<td class=\"column-1\">Overleppe med Sugaring Wax<\/td><td class=\"column-2\">220,-<\/td>\n<\/tr>\n<tr class=\"row-9 odd\">\n\t<td class=\"column-1\">Hake<\/td><td class=\"column-2\">190,-<\/td>\n<\/tr>\n<tr class=\"row-10 even\">\n\t<td class=\"column-1\">Hake med Sugaring Wax<\/td><td class=\"column-2\">300,-<\/td>\n<\/tr>\n<tr class=\"row-11 odd\">\n\t<td class=\"column-1\">Kinn<\/td><td class=\"column-2\">190,-<\/td>\n<\/tr>\n<\/tbody>\n<tfoot>\n<tr class=\"row-12 even\">\n\t<th class=\"column-1\"><\/th><th class=\"column-2\"><\/th>\n<\/tr>\n<\/tfoot>\n<\/table>\n<!-- #tablepress-4 from cache -->[\/vc_toggle][vc_custom_heading text=&raquo;Tilbud \/ kampanjer:&raquo; font_container=&raquo;tag:h2|text_align:center|color:%23dd3333&#8243;][vc_message]<strong>KLIPPEKORT<\/strong><\/p>\n<p>Kj\u00f8p klippekort og f\u00e5 behandlingene til reduserte priser:<\/p>\n<ul>\n<li><strong>Brasiliansk Stripsvoks 440kr<\/strong> (veil 499kr)<\/li>\n<li><strong>Brasiliansk Sensitiv 590kr<\/strong> (vei 660kr)<\/li>\n<li><strong>Brasiliansk Kombo 520kr<\/strong> (veil 580kr)<\/li>\n<li><strong>Brasiliansk Sugaring 610kr<\/strong> (veil 680kr)<\/li>\n<\/ul>\n<p>N\u00e5r du kj\u00f8per klippekort forh\u00e5ndsbetaler du dine behandlinger og det trekkes et klipp hver gang du er til behandling og frem til kortet er brukt opp \/ l\u00f8pt ut.<\/p>\n<p><strong>Brasiliansk Stripsvoks har 10 klipp \/ behandlinger og varer i 2 \u00e5r. Pris 4400kr.<\/strong><\/p>\n<p><strong>Brasiliansk Sensitiv har 8 klipp \/ behandlinger og varer i 18 mndr. Pris 4720kr.<\/strong><\/p>\n<p><strong>Brasiliansk Kombo har 8 klipp\/behandlinger og varer i 18 mndr. Pris 4160kr.<\/strong><\/p>\n<p><strong>Brasiliansk Sugaring har 5 klipp\/behandlinger og varer i 12 mndr. Pris 3050kr.<\/strong><\/p>\n<p>&nbsp;<\/p>\n<p>Klippekort kj\u00f8per du i salongen, og du kan benytte deg av f\u00f8rste klipp allerede samme dag.[\/vc_message][vc_message message_box_color=&raquo;danger&raquo;]<strong>STUDENTPRISER i avd. Pilestredet, Oslo v\/ Oslo MET sentrum <\/strong><\/p>\n<p><strong>GJELDER FRA 25.08.25 &#8211; 31.05.2026:<\/strong><\/p>\n<p><strong>-15% r<\/strong><strong>abatt<\/strong>\u00a0p\u00e5\u00a0<strong>Brasiliansk voksing kvinner<\/strong><\/p>\n<p><strong>-10% rabatt<\/strong> p\u00e5 <strong>all annen kroppsvoksing<\/strong>\u00a0 for kvinner og menn<\/p>\n<p><strong>Vi gir studentrabatt hele \u00e5ret unntatt juni, juli og f\u00f8rste del av august. (vi skriver dato for oppstart i august her p\u00e5 hjemmesiden da det varierer \u00e5r til \u00e5r)\u00a0<\/strong>\u00a0Rabatten gis ved fremvisning av gyldig studentbevis for n\u00e5v\u00e6rende semester. Ved glemt studentbevis gir vi ikke rabatt.[\/vc_message][\/vc_column_inner][\/vc_row_inner][vc_column_text css=&raquo;.vc_custom_1522784707700{background-image: url(https:\/\/waxonwaxoff.no\/wp-content\/uploads\/2017\/01\/wowobanner1.jpg?id=2703) !important;}&raquo;][\/vc_column_text][\/vc_column][\/vc_row][vc_row full_width=&raquo;stretch_row&raquo; css=&raquo;.vc_custom_1750849681364{background-color: rgba(219,26,26,0.96) !important;*background-color: rgb(219,26,26) !important;}&raquo;][vc_column][\/vc_column][\/vc_row]<\/p>\n","protected":false},"excerpt":{"rendered":"<p>[vc_row full_width=&raquo;stretch_row&raquo;][vc_column width=&raquo;5\/6&#8243;][vc_column_text]Flere behandlinger: Voksing menn\u00a0 \u00a0 Vipper&amp;bryn\u00a0 \u00a0 Hudpleie\u00a0 \u00a0 Fotpleie\u00a0 \u00a0 Massasje\u00a0 \u00a0 \u00d8rehulling[\/vc_column_text][vc_message message_box_color=&raquo;vista_blue&raquo;]NB: Har du barbert [&hellip;]<\/p>\n","protected":false},"author":2,"featured_media":0,"parent":12,"menu_order":0,"comment_status":"closed","ping_status":"closed","template":"","meta":{"_monsterinsights_skip_tracking":false,"_monsterinsights_sitenote_active":false,"_monsterinsights_sitenote_note":"","_monsterinsights_sitenote_category":0,"footnotes":""},"class_list":["post-1597","page","type-page","status-publish","hentry"],"yoast_head":"<!-- This site is optimized with the Yoast SEO plugin v17.7.1 - https:\/\/yoast.com\/wordpress\/plugins\/seo\/ -->\n<title>Voks kvinner -<\/title>\n<meta name=\"robots\" content=\"index, follow, max-snippet:-1, max-image-preview:large, max-video-preview:-1\" \/>\n<link rel=\"canonical\" href=\"https:\/\/waxonwaxoff.no\/index.php\/behandlinger\/stripsvoks-2\/\" \/>\n<meta property=\"og:locale\" content=\"nb_NO\" \/>\n<meta property=\"og:type\" content=\"article\" \/>\n<meta property=\"og:title\" content=\"Voks kvinner -\" \/>\n<meta property=\"og:description\" content=\"[vc_row full_width=&raquo;stretch_row&raquo;][vc_column width=&raquo;5\/6&#8243;][vc_column_text]Flere behandlinger: Voksing menn\u00a0 \u00a0 Vipper&amp;bryn\u00a0 \u00a0 Hudpleie\u00a0 \u00a0 Fotpleie\u00a0 \u00a0 Massasje\u00a0 \u00a0 \u00d8rehulling[\/vc_column_text][vc_message message_box_color=&raquo;vista_blue&raquo;]NB: Har du barbert [&hellip;]\" \/>\n<meta property=\"og:url\" content=\"https:\/\/waxonwaxoff.no\/index.php\/behandlinger\/stripsvoks-2\/\" \/>\n<meta property=\"article:modified_time\" content=\"2026-05-06T13:52:38+00:00\" \/>\n<meta name=\"twitter:card\" content=\"summary\" \/>\n<meta name=\"twitter:label1\" content=\"Ansl. lesetid\" \/>\n\t<meta name=\"twitter:data1\" content=\"2 minutter\" \/>\n<script type=\"application\/ld+json\" class=\"yoast-schema-graph\">{\"@context\":\"https:\/\/schema.org\",\"@graph\":[{\"@type\":\"WebSite\",\"@id\":\"https:\/\/waxonwaxoff.no\/#website\",\"url\":\"https:\/\/waxonwaxoff.no\/\",\"name\":\"\",\"description\":\"\",\"potentialAction\":[{\"@type\":\"SearchAction\",\"target\":{\"@type\":\"EntryPoint\",\"urlTemplate\":\"https:\/\/waxonwaxoff.no\/?s={search_term_string}\"},\"query-input\":\"required name=search_term_string\"}],\"inLanguage\":\"nb-NO\"},{\"@type\":\"WebPage\",\"@id\":\"https:\/\/waxonwaxoff.no\/index.php\/behandlinger\/stripsvoks-2\/#webpage\",\"url\":\"https:\/\/waxonwaxoff.no\/index.php\/behandlinger\/stripsvoks-2\/\",\"name\":\"Voks kvinner -\",\"isPartOf\":{\"@id\":\"https:\/\/waxonwaxoff.no\/#website\"},\"datePublished\":\"2017-10-18T08:17:45+00:00\",\"dateModified\":\"2026-05-06T13:52:38+00:00\",\"breadcrumb\":{\"@id\":\"https:\/\/waxonwaxoff.no\/index.php\/behandlinger\/stripsvoks-2\/#breadcrumb\"},\"inLanguage\":\"nb-NO\",\"potentialAction\":[{\"@type\":\"ReadAction\",\"target\":[\"https:\/\/waxonwaxoff.no\/index.php\/behandlinger\/stripsvoks-2\/\"]}]},{\"@type\":\"BreadcrumbList\",\"@id\":\"https:\/\/waxonwaxoff.no\/index.php\/behandlinger\/stripsvoks-2\/#breadcrumb\",\"itemListElement\":[{\"@type\":\"ListItem\",\"position\":1,\"name\":\"Hjem\",\"item\":\"https:\/\/waxonwaxoff.no\/\"},{\"@type\":\"ListItem\",\"position\":2,\"name\":\"Priser\",\"item\":\"https:\/\/waxonwaxoff.no\/index.php\/behandlinger\/\"},{\"@type\":\"ListItem\",\"position\":3,\"name\":\"Voks kvinner\"}]}]}<\/script>\n<!-- \/ Yoast SEO plugin. -->","yoast_head_json":{"title":"Voks kvinner -","robots":{"index":"index","follow":"follow","max-snippet":"max-snippet:-1","max-image-preview":"max-image-preview:large","max-video-preview":"max-video-preview:-1"},"canonical":"https:\/\/waxonwaxoff.no\/index.php\/behandlinger\/stripsvoks-2\/","og_locale":"nb_NO","og_type":"article","og_title":"Voks kvinner -","og_description":"[vc_row full_width=&raquo;stretch_row&raquo;][vc_column width=&raquo;5\/6&#8243;][vc_column_text]Flere behandlinger: Voksing menn\u00a0 \u00a0 Vipper&amp;bryn\u00a0 \u00a0 Hudpleie\u00a0 \u00a0 Fotpleie\u00a0 \u00a0 Massasje\u00a0 \u00a0 \u00d8rehulling[\/vc_column_text][vc_message message_box_color=&raquo;vista_blue&raquo;]NB: Har du barbert [&hellip;]","og_url":"https:\/\/waxonwaxoff.no\/index.php\/behandlinger\/stripsvoks-2\/","article_modified_time":"2026-05-06T13:52:38+00:00","twitter_card":"summary","twitter_misc":{"Ansl. lesetid":"2 minutter"},"schema":{"@context":"https:\/\/schema.org","@graph":[{"@type":"WebSite","@id":"https:\/\/waxonwaxoff.no\/#website","url":"https:\/\/waxonwaxoff.no\/","name":"","description":"","potentialAction":[{"@type":"SearchAction","target":{"@type":"EntryPoint","urlTemplate":"https:\/\/waxonwaxoff.no\/?s={search_term_string}"},"query-input":"required name=search_term_string"}],"inLanguage":"nb-NO"},{"@type":"WebPage","@id":"https:\/\/waxonwaxoff.no\/index.php\/behandlinger\/stripsvoks-2\/#webpage","url":"https:\/\/waxonwaxoff.no\/index.php\/behandlinger\/stripsvoks-2\/","name":"Voks kvinner -","isPartOf":{"@id":"https:\/\/waxonwaxoff.no\/#website"},"datePublished":"2017-10-18T08:17:45+00:00","dateModified":"2026-05-06T13:52:38+00:00","breadcrumb":{"@id":"https:\/\/waxonwaxoff.no\/index.php\/behandlinger\/stripsvoks-2\/#breadcrumb"},"inLanguage":"nb-NO","potentialAction":[{"@type":"ReadAction","target":["https:\/\/waxonwaxoff.no\/index.php\/behandlinger\/stripsvoks-2\/"]}]},{"@type":"BreadcrumbList","@id":"https:\/\/waxonwaxoff.no\/index.php\/behandlinger\/stripsvoks-2\/#breadcrumb","itemListElement":[{"@type":"ListItem","position":1,"name":"Hjem","item":"https:\/\/waxonwaxoff.no\/"},{"@type":"ListItem","position":2,"name":"Priser","item":"https:\/\/waxonwaxoff.no\/index.php\/behandlinger\/"},{"@type":"ListItem","position":3,"name":"Voks kvinner"}]}]}},"_links":{"self":[{"href":"https:\/\/waxonwaxoff.no\/index.php\/wp-json\/wp\/v2\/pages\/1597","targetHints":{"allow":["GET"]}}],"collection":[{"href":"https:\/\/waxonwaxoff.no\/index.php\/wp-json\/wp\/v2\/pages"}],"about":[{"href":"https:\/\/waxonwaxoff.no\/index.php\/wp-json\/wp\/v2\/types\/page"}],"author":[{"embeddable":true,"href":"https:\/\/waxonwaxoff.no\/index.php\/wp-json\/wp\/v2\/users\/2"}],"replies":[{"embeddable":true,"href":"https:\/\/waxonwaxoff.no\/index.php\/wp-json\/wp\/v2\/comments?post=1597"}],"version-history":[{"count":248,"href":"https:\/\/waxonwaxoff.no\/index.php\/wp-json\/wp\/v2\/pages\/1597\/revisions"}],"predecessor-version":[{"id":9981,"href":"https:\/\/waxonwaxoff.no\/index.php\/wp-json\/wp\/v2\/pages\/1597\/revisions\/9981"}],"up":[{"embeddable":true,"href":"https:\/\/waxonwaxoff.no\/index.php\/wp-json\/wp\/v2\/pages\/12"}],"wp:attachment":[{"href":"https:\/\/waxonwaxoff.no\/index.php\/wp-json\/wp\/v2\/media?parent=1597"}],"curies":[{"name":"wp","href":"https:\/\/api.w.org\/{rel}","templated":true}]}}