{"id":12,"date":"2017-01-16T09:32:29","date_gmt":"2017-01-16T08:32:29","guid":{"rendered":"https:\/\/waxonwaxoff.no\/?page_id=12"},"modified":"2026-05-07T20:56:35","modified_gmt":"2026-05-07T18:56:35","slug":"behandlinger","status":"publish","type":"page","link":"https:\/\/waxonwaxoff.no\/index.php\/behandlinger\/","title":{"rendered":"Priser"},"content":{"rendered":"<p>[vc_row][vc_column][vc_cta h2=&raquo;Tilbud \/ kampanjer&raquo; h2_font_container=&raquo;tag:h2|text_align:left|color:%23000000&#8243; color=&raquo;juicy-pink&raquo; add_button=&raquo;bottom&raquo; btn_title=&raquo;Klikk her&raquo; btn_color=&raquo;danger&raquo; btn_align=&raquo;right&raquo; css_animation=&raquo;flipInY&raquo; use_custom_fonts_h2=&raquo;true&raquo; btn_custom_onclick=&raquo;true&raquo; h2_link=&raquo;url:https%3A%2F%2Fwaxonwaxoff.no%2Findex.php%2Ftilbud%2F|title:Voks%20kvinner&raquo; css=&raquo;.vc_custom_1770200689929{background: rgba(116,166,191,0.31) url(https:\/\/waxonwaxoff.no\/wp-content\/uploads\/2022\/04\/pexels-ylanite-koppens-7766532.jpg?id=7267) !important;background-position: center !important;background-repeat: no-repeat !important;background-size: contain !important;*background-color: rgb(116,166,191) !important;}&raquo; el_id=&raquo;gg&raquo; btn_link=&raquo;url:https%3A%2F%2Fwaxonwaxoff.no%2Findex.php%2Ftilbud%2F|title:Tilbud%20%26%20Nyheter&raquo;]<span style=\"color: #ffffff;\"><span style=\"color: #000000;\">Du ikke m\u00e5 g\u00e5 glipp av.<\/span>..<\/span>[\/vc_cta][vc_cta h2=&raquo;Hudpleie&raquo; h2_font_container=&raquo;tag:h2|text_align:left|color:%23000000&#8243; add_button=&raquo;bottom&raquo; btn_title=&raquo;Klikk her&raquo; btn_color=&raquo;danger&raquo; btn_align=&raquo;right&raquo; use_custom_fonts_h2=&raquo;true&raquo; h2_link=&raquo;url:https%3A%2F%2Fwaxonwaxoff.no%2Findex.php%2Fbehandlinger%2Fhudpleie-meny%2F|title:Hudpleie&raquo; css=&raquo;.vc_custom_1776020440200{background-image: url(https:\/\/waxonwaxoff.no\/wp-content\/uploads\/2018\/05\/1398467_619050621539558_4506210330019134143_o.jpg?id=3749) !important;background-position: center !important;background-repeat: no-repeat !important;background-size: contain !important;}&raquo; btn_link=&raquo;url:https%3A%2F%2Fwaxonwaxoff.no%2Findex.php%2Fbehandlinger%2Fhudpleie-meny%2F|title:Hudpleie&raquo;][\/vc_cta][vc_cta h2=&raquo;Voksing for kvinner&raquo; h2_font_container=&raquo;tag:h2|text_align:left|color:%23000000&#8243; add_button=&raquo;bottom&raquo; btn_title=&raquo;Klikk her&raquo; btn_color=&raquo;danger&raquo; btn_align=&raquo;right&raquo; use_custom_fonts_h2=&raquo;true&raquo; btn_custom_onclick=&raquo;true&raquo; h2_link=&raquo;url:https%3A%2F%2Fwaxonwaxoff.no%2Findex.php%2Fbehandlinger%2Fstripsvoks-2%2F|title:Voks%20kvinner&raquo; css=&raquo;.vc_custom_1757236045853{background-image: url(https:\/\/waxonwaxoff.no\/wp-content\/uploads\/2017\/01\/stripsvoksing.jpeg?id=297) !important;background-position: center !important;background-repeat: no-repeat !important;background-size: contain !important;}&raquo; btn_link=&raquo;url:https%3A%2F%2Fwaxonwaxoff.no%2Findex.php%2Fbehandlinger%2Fstripsvoks-2%2F|title:Voks%20kvinner&raquo;]H\u00e5rfjerning med voks for kvinner.[\/vc_cta][vc_cta h2=&raquo;Voksing for menn&raquo; h2_font_container=&raquo;tag:h2|text_align:left|color:%23000000&#8243; add_button=&raquo;bottom&raquo; btn_title=&raquo;Klikk her&raquo; btn_color=&raquo;danger&raquo; btn_align=&raquo;right&raquo; use_custom_fonts_h2=&raquo;true&raquo; h2_link=&raquo;url:https%3A%2F%2Fwaxonwaxoff.no%2Findex.php%2Fbehandlinger%2Fvoksing-menn%2F|title:Voks%20menn&raquo; css=&raquo;.vc_custom_1776020514146{background-image: url(https:\/\/waxonwaxoff.no\/wp-content\/uploads\/2019\/10\/mann.jpg?id=6256) !important;background-position: center !important;background-repeat: no-repeat !important;background-size: contain !important;}&raquo; btn_link=&raquo;url:https%3A%2F%2Fwaxonwaxoff.no%2Findex.php%2Fbehandlinger%2Fvoksing-menn%2F|title:Voks%20menn&raquo;]H\u00e5rfjerning med voks for menn[\/vc_cta][vc_cta h2=&raquo;Vipper &amp; bryn&raquo; h2_font_container=&raquo;tag:h2|text_align:left|color:%23000000&#8243; add_button=&raquo;bottom&raquo; btn_title=&raquo;Klikk her&raquo; btn_color=&raquo;danger&raquo; btn_align=&raquo;right&raquo; use_custom_fonts_h2=&raquo;true&raquo; h2_link=&raquo;url:https%3A%2F%2Fwaxonwaxoff.no%2Findex.php%2Fbehandlinger%2Fbryn-vipper%2F|title:Vipper%20%26%20Bryn&raquo; css=&raquo;.vc_custom_1774277744648{background-image: url(https:\/\/waxonwaxoff.no\/wp-content\/uploads\/2026\/03\/width_1600-1.jpg?id=9842) !important;background-position: center !important;background-repeat: no-repeat !important;background-size: contain !important;}&raquo; btn_link=&raquo;url:https%3A%2F%2Fwaxonwaxoff.no%2Findex.php%2Fbehandlinger%2Fbryn-vipper%2F|title:Vipper%20%26%20Bryn&raquo;][\/vc_cta][vc_cta h2=&raquo;Threading&raquo; h2_font_container=&raquo;tag:h2|text_align:left|color:%23000000&#8243; add_button=&raquo;bottom&raquo; btn_title=&raquo;Klikk her&raquo; btn_color=&raquo;danger&raquo; btn_align=&raquo;right&raquo; use_custom_fonts_h2=&raquo;true&raquo; h2_link=&raquo;url:https%3A%2F%2Fwaxonwaxoff.no%2Findex.php%2Fthreading%2F|title:Threading&raquo; css=&raquo;.vc_custom_1757236110036{background-image: url(https:\/\/waxonwaxoff.no\/wp-content\/uploads\/2018\/04\/threading.jpg?id=3469) !important;background-position: center !important;background-repeat: no-repeat !important;background-size: contain !important;}&raquo; btn_link=&raquo;url:https%3A%2F%2Fwaxonwaxoff.no%2Findex.php%2Fthreading%2F|title:Threading&raquo;][\/vc_cta][vc_cta h2=&raquo;Fotpleie &amp; gellakk&raquo; h2_font_container=&raquo;tag:h2|text_align:left|color:%23000000&#8243; add_button=&raquo;bottom&raquo; btn_title=&raquo;Klikk her&raquo; btn_color=&raquo;danger&raquo; btn_align=&raquo;right&raquo; use_custom_fonts_h2=&raquo;true&raquo; h2_link=&raquo;url:https%3A%2F%2Fwaxonwaxoff.no%2Findex.php%2Fbehandlinger%2Fmanikyr-pedikyr%2F|title:Pedikyr&raquo; css=&raquo;.vc_custom_1776020486334{background-image: url(https:\/\/waxonwaxoff.no\/wp-content\/uploads\/2018\/04\/3Warren-Collins-Salons-Manicures-Pedicures.jpg?id=3640) !important;background-position: center !important;background-repeat: no-repeat !important;background-size: contain !important;}&raquo; btn_link=&raquo;url:https%3A%2F%2Fwaxonwaxoff.no%2Findex.php%2Fbehandlinger%2Fmanikyr-pedikyr%2F|title:Hudpleie&raquo;][\/vc_cta][vc_cta h2=&raquo;Hull i \u00f8rene&raquo; h2_font_container=&raquo;tag:h2|text_align:left|color:%23000000&#8243; add_button=&raquo;bottom&raquo; btn_title=&raquo;Klikk her&raquo; btn_color=&raquo;danger&raquo; btn_align=&raquo;right&raquo; use_custom_fonts_h2=&raquo;true&raquo; h2_link=&raquo;url:https%3A%2F%2Fwaxonwaxoff.no%2Findex.php%2Forehulling-piercing%2F|title:%C3%98rehulling&raquo; css=&raquo;.vc_custom_1757236117677{background-image: url(https:\/\/waxonwaxoff.no\/wp-content\/uploads\/2018\/08\/blomdahl_2eng1.jpg?id=4507) !important;background-position: center !important;background-repeat: no-repeat !important;background-size: contain !important;}&raquo; btn_link=&raquo;url:https%3A%2F%2Fwaxonwaxoff.no%2Findex.php%2Forehulling-piercing%2F|title:%C3%98rehulling&raquo;][\/vc_cta][vc_cta h2=&raquo;Massasje&raquo; h2_font_container=&raquo;tag:h2|text_align:left|color:%23000000&#8243; add_button=&raquo;bottom&raquo; btn_title=&raquo;Klikk her&raquo; btn_color=&raquo;danger&raquo; btn_align=&raquo;right&raquo; use_custom_fonts_h2=&raquo;true&raquo; h2_link=&raquo;url:https%3A%2F%2Fwaxonwaxoff.no%2Findex.php%2Fbehandlinger%2Fmassasje%2F|title:Massasje&raquo; css=&raquo;.vc_custom_1757236124496{background-image: url(https:\/\/waxonwaxoff.no\/wp-content\/uploads\/2017\/02\/massasje.png?id=414) !important;background-position: center !important;background-repeat: no-repeat !important;background-size: contain !important;}&raquo; btn_link=&raquo;url:https%3A%2F%2Fwaxonwaxoff.no%2Findex.php%2Fbehandlinger%2Fmassasje%2F|title:Massasje&raquo;][\/vc_cta][\/vc_column][\/vc_row][vc_row equal_height=&raquo;yes&raquo; rtl_reverse=&raquo;yes&raquo; content_placement=&raquo;middle&raquo; parallax=&raquo;content-moving&raquo;][vc_column][\/vc_column][\/vc_row][vc_row full_width=&raquo;stretch_row_content_no_spaces&raquo;][vc_column width=&raquo;1\/3&#8243;][\/vc_column][vc_column width=&raquo;1\/3&#8243;][\/vc_column][vc_column width=&raquo;1\/3&#8243;][\/vc_column][\/vc_row][vc_row full_width=&raquo;stretch_row_content&raquo; css=&raquo;.vc_custom_1651440662068{background-color: rgba(219,26,26,0.96) !important;*background-color: rgb(219,26,26) !important;}&raquo;][vc_column width=&raquo;1\/3&#8243;][\/vc_column][vc_column width=&raquo;1\/3&#8243;][vc_empty_space][vc_column_text]<\/p>\n<p style=\"text-align: center;\"><span style=\"color: #ffffff;\"><strong>Trenger du hjelp eller veiledning til hvilken behandling du skal booke?<\/strong><\/span><\/p>\n<p style=\"text-align: center;\"><span style=\"color: #ffffff;\">Vi har ingen telefontjeneste, men du kan maile oss evt kontakte oss p\u00e5 Facebook. Be evt om \u00e5 bli oppringt av en av v\u00e5re terapeuter om det er lettere for deg, da vil en v\u00e5re terapeuter ringe deg straks beskjeden er mottatt og har ledig tid.<\/span><\/p>\n<p>[\/vc_column_text][vc_empty_space][\/vc_column][vc_column width=&raquo;1\/3&#8243;][\/vc_column][\/vc_row]<\/p>\n","protected":false},"excerpt":{"rendered":"<p>[vc_row][vc_column][vc_cta h2=&raquo;Tilbud \/ kampanjer&raquo; h2_font_container=&raquo;tag:h2|text_align:left|color:%23000000&#8243; color=&raquo;juicy-pink&raquo; add_button=&raquo;bottom&raquo; btn_title=&raquo;Klikk her&raquo; btn_color=&raquo;danger&raquo; btn_align=&raquo;right&raquo; css_animation=&raquo;flipInY&raquo; use_custom_fonts_h2=&raquo;true&raquo; btn_custom_onclick=&raquo;true&raquo; h2_link=&raquo;url:https%3A%2F%2Fwaxonwaxoff.no%2Findex.php%2Ftilbud%2F|title:Voks%20kvinner&raquo; css=&raquo;.vc_custom_1770200689929{background: rgba(116,166,191,0.31) url(https:\/\/waxonwaxoff.no\/wp-content\/uploads\/2022\/04\/pexels-ylanite-koppens-7766532.jpg?id=7267) !important;background-position: center [&hellip;]<\/p>\n","protected":false},"author":1,"featured_media":0,"parent":0,"menu_order":0,"comment_status":"closed","ping_status":"closed","template":"","meta":{"_monsterinsights_skip_tracking":false,"_monsterinsights_sitenote_active":false,"_monsterinsights_sitenote_note":"","_monsterinsights_sitenote_category":0,"footnotes":""},"class_list":["post-12","page","type-page","status-publish","hentry"],"yoast_head":"<!-- This site is optimized with the Yoast SEO plugin v17.7.1 - https:\/\/yoast.com\/wordpress\/plugins\/seo\/ -->\n<title>Priser -<\/title>\n<meta name=\"robots\" content=\"index, follow, max-snippet:-1, max-image-preview:large, max-video-preview:-1\" \/>\n<link rel=\"canonical\" href=\"https:\/\/waxonwaxoff.no\/index.php\/behandlinger\/\" \/>\n<meta property=\"og:locale\" content=\"nb_NO\" \/>\n<meta property=\"og:type\" content=\"article\" \/>\n<meta property=\"og:title\" content=\"Priser -\" \/>\n<meta property=\"og:description\" content=\"[vc_row][vc_column][vc_cta h2=&raquo;Tilbud \/ kampanjer&raquo; h2_font_container=&raquo;tag:h2|text_align:left|color:%23000000&#8243; color=&raquo;juicy-pink&raquo; add_button=&raquo;bottom&raquo; btn_title=&raquo;Klikk her&raquo; btn_color=&raquo;danger&raquo; btn_align=&raquo;right&raquo; css_animation=&raquo;flipInY&raquo; use_custom_fonts_h2=&raquo;true&raquo; btn_custom_onclick=&raquo;true&raquo; h2_link=&raquo;url:https%3A%2F%2Fwaxonwaxoff.no%2Findex.php%2Ftilbud%2F|title:Voks%20kvinner&raquo; css=&raquo;.vc_custom_1770200689929{background: rgba(116,166,191,0.31) url(https:\/\/waxonwaxoff.no\/wp-content\/uploads\/2022\/04\/pexels-ylanite-koppens-7766532.jpg?id=7267) !important;background-position: center [&hellip;]\" \/>\n<meta property=\"og:url\" content=\"https:\/\/waxonwaxoff.no\/index.php\/behandlinger\/\" \/>\n<meta property=\"article:modified_time\" content=\"2026-05-07T18:56:35+00:00\" \/>\n<meta name=\"twitter:card\" content=\"summary\" \/>\n<meta name=\"twitter:label1\" content=\"Ansl. lesetid\" \/>\n\t<meta name=\"twitter:data1\" content=\"1 minutt\" \/>\n<script type=\"application\/ld+json\" class=\"yoast-schema-graph\">{\"@context\":\"https:\/\/schema.org\",\"@graph\":[{\"@type\":\"WebSite\",\"@id\":\"https:\/\/waxonwaxoff.no\/#website\",\"url\":\"https:\/\/waxonwaxoff.no\/\",\"name\":\"\",\"description\":\"\",\"potentialAction\":[{\"@type\":\"SearchAction\",\"target\":{\"@type\":\"EntryPoint\",\"urlTemplate\":\"https:\/\/waxonwaxoff.no\/?s={search_term_string}\"},\"query-input\":\"required name=search_term_string\"}],\"inLanguage\":\"nb-NO\"},{\"@type\":\"WebPage\",\"@id\":\"https:\/\/waxonwaxoff.no\/index.php\/behandlinger\/#webpage\",\"url\":\"https:\/\/waxonwaxoff.no\/index.php\/behandlinger\/\",\"name\":\"Priser -\",\"isPartOf\":{\"@id\":\"https:\/\/waxonwaxoff.no\/#website\"},\"datePublished\":\"2017-01-16T08:32:29+00:00\",\"dateModified\":\"2026-05-07T18:56:35+00:00\",\"breadcrumb\":{\"@id\":\"https:\/\/waxonwaxoff.no\/index.php\/behandlinger\/#breadcrumb\"},\"inLanguage\":\"nb-NO\",\"potentialAction\":[{\"@type\":\"ReadAction\",\"target\":[\"https:\/\/waxonwaxoff.no\/index.php\/behandlinger\/\"]}]},{\"@type\":\"BreadcrumbList\",\"@id\":\"https:\/\/waxonwaxoff.no\/index.php\/behandlinger\/#breadcrumb\",\"itemListElement\":[{\"@type\":\"ListItem\",\"position\":1,\"name\":\"Hjem\",\"item\":\"https:\/\/waxonwaxoff.no\/\"},{\"@type\":\"ListItem\",\"position\":2,\"name\":\"Priser\"}]}]}<\/script>\n<!-- \/ Yoast SEO plugin. -->","yoast_head_json":{"title":"Priser -","robots":{"index":"index","follow":"follow","max-snippet":"max-snippet:-1","max-image-preview":"max-image-preview:large","max-video-preview":"max-video-preview:-1"},"canonical":"https:\/\/waxonwaxoff.no\/index.php\/behandlinger\/","og_locale":"nb_NO","og_type":"article","og_title":"Priser -","og_description":"[vc_row][vc_column][vc_cta h2=&raquo;Tilbud \/ kampanjer&raquo; h2_font_container=&raquo;tag:h2|text_align:left|color:%23000000&#8243; color=&raquo;juicy-pink&raquo; add_button=&raquo;bottom&raquo; btn_title=&raquo;Klikk her&raquo; btn_color=&raquo;danger&raquo; btn_align=&raquo;right&raquo; css_animation=&raquo;flipInY&raquo; use_custom_fonts_h2=&raquo;true&raquo; btn_custom_onclick=&raquo;true&raquo; h2_link=&raquo;url:https%3A%2F%2Fwaxonwaxoff.no%2Findex.php%2Ftilbud%2F|title:Voks%20kvinner&raquo; css=&raquo;.vc_custom_1770200689929{background: rgba(116,166,191,0.31) url(https:\/\/waxonwaxoff.no\/wp-content\/uploads\/2022\/04\/pexels-ylanite-koppens-7766532.jpg?id=7267) !important;background-position: center [&hellip;]","og_url":"https:\/\/waxonwaxoff.no\/index.php\/behandlinger\/","article_modified_time":"2026-05-07T18:56:35+00:00","twitter_card":"summary","twitter_misc":{"Ansl. lesetid":"1 minutt"},"schema":{"@context":"https:\/\/schema.org","@graph":[{"@type":"WebSite","@id":"https:\/\/waxonwaxoff.no\/#website","url":"https:\/\/waxonwaxoff.no\/","name":"","description":"","potentialAction":[{"@type":"SearchAction","target":{"@type":"EntryPoint","urlTemplate":"https:\/\/waxonwaxoff.no\/?s={search_term_string}"},"query-input":"required name=search_term_string"}],"inLanguage":"nb-NO"},{"@type":"WebPage","@id":"https:\/\/waxonwaxoff.no\/index.php\/behandlinger\/#webpage","url":"https:\/\/waxonwaxoff.no\/index.php\/behandlinger\/","name":"Priser -","isPartOf":{"@id":"https:\/\/waxonwaxoff.no\/#website"},"datePublished":"2017-01-16T08:32:29+00:00","dateModified":"2026-05-07T18:56:35+00:00","breadcrumb":{"@id":"https:\/\/waxonwaxoff.no\/index.php\/behandlinger\/#breadcrumb"},"inLanguage":"nb-NO","potentialAction":[{"@type":"ReadAction","target":["https:\/\/waxonwaxoff.no\/index.php\/behandlinger\/"]}]},{"@type":"BreadcrumbList","@id":"https:\/\/waxonwaxoff.no\/index.php\/behandlinger\/#breadcrumb","itemListElement":[{"@type":"ListItem","position":1,"name":"Hjem","item":"https:\/\/waxonwaxoff.no\/"},{"@type":"ListItem","position":2,"name":"Priser"}]}]}},"_links":{"self":[{"href":"https:\/\/waxonwaxoff.no\/index.php\/wp-json\/wp\/v2\/pages\/12","targetHints":{"allow":["GET"]}}],"collection":[{"href":"https:\/\/waxonwaxoff.no\/index.php\/wp-json\/wp\/v2\/pages"}],"about":[{"href":"https:\/\/waxonwaxoff.no\/index.php\/wp-json\/wp\/v2\/types\/page"}],"author":[{"embeddable":true,"href":"https:\/\/waxonwaxoff.no\/index.php\/wp-json\/wp\/v2\/users\/1"}],"replies":[{"embeddable":true,"href":"https:\/\/waxonwaxoff.no\/index.php\/wp-json\/wp\/v2\/comments?post=12"}],"version-history":[{"count":285,"href":"https:\/\/waxonwaxoff.no\/index.php\/wp-json\/wp\/v2\/pages\/12\/revisions"}],"predecessor-version":[{"id":10018,"href":"https:\/\/waxonwaxoff.no\/index.php\/wp-json\/wp\/v2\/pages\/12\/revisions\/10018"}],"wp:attachment":[{"href":"https:\/\/waxonwaxoff.no\/index.php\/wp-json\/wp\/v2\/media?parent=12"}],"curies":[{"name":"wp","href":"https:\/\/api.w.org\/{rel}","templated":true}]}}